rs of n.
2, 13
Let i(l) = -5*l**2 + 21*l + 15. Let t(q) = -9*q**2 + 41*q + 29. Let h(s) = 11*i(s) - 6*t(s). What are the prime factors of h(-10)?
41
Let m = 7 - 6. Let j = 4 + m. What are the prime factors of j*(3 - 2) - -1?
2, 3
Suppose 0*q = 3*q - 120. List the prime factors of q.
2, 5
Let t(p) = -p + 5. Suppose 34 = -w - 2. Let h be 2/(-9) - 8/w. What are the prime factors of t(h)?
5
Suppose -137 = -11*h + 1656. List the prime factors of h.
163
List the prime factors of 42*(-2 - -1)/(-3).
2, 7
Let f(w) = 6*w + 6. List the prime factors of f(4).
2, 3, 5
Let r = 244 + -86. List the prime factors of r.
2, 79
Suppose 116 = -0*v + 4*v. Suppose b - 160 = -5*p, 3*p - v - 60 = -2*b. Suppose 0 = 2*x + 5*q - p, 3*x + x + 3*q - 59 = 0. What are the prime factors of x?
2, 7
Suppose -2*w + 17 = -7. What are the prime factors of w?
2, 3
Let v(h) be the third derivative of -h**4/12 + 2*h**3/3 + 5*h**2. What are the prime factors of v(-3)?
2, 5
Suppose -61 = -6*z + 173. What are the prime factors of z?
3, 13
Let v be 17/(2 - 1 - 0). Let p = v - 0. What are the prime factors of p?
17
Let v(q) = -4*q**3 - 2*q**2 + 1. Let z be v(-1). Suppose 1 + z = f. List the prime factors of f.
2
Suppose -3*q - 100 = -8*q. List the prime factors of q.
2, 5
Suppose 0 = 2*f + z + 71, -z + 172 = -4*f + 3*z. Let q = 53 + f. List the prime factors of q.
3, 5
Let j(v) = v**3 - 4*v**2 + 5. Let z = 1 - -1. Let g be (-2)/z - (-5 - 0). List the prime factors of j(g).
5
Let l be 3000/(-108) + (-4)/18. List the prime factors of (-9)/(-3)*l/(-6).
2, 7
List the prime factors of (-12)/102 - (-257)/17.
3, 5
Let k be (-2 - -1)*(-1 - -9). Let r be (4/k)/(2/(-56)). Suppose r = 2*z - 18. What are the prime factors of z?
2
What are the prime factors of 2/(-7) - 111/(-21)?
5
Let a = 166 - 112. What are the prime factors of a?
2, 3
Let r(i) = 1. Let f(q) = q**3 - 7*q**2 - 6*q - 1. Let s(d) = f(d) - 3*r(d). Let n be s(7). List the prime factors of (-1 - n)*7/21.
3, 5
Let w(y) be the first derivative of -y**5/120 + y**4/3 + y**3/3 - 4. Let g(f) be the third derivative of w(f). What are the prime factors of g(0)?
2
Let r be (-20)/(-16) + 1/(-4). Suppose 2*u - 61 + r = 0. List the prime factors of u.
2, 3, 5
Suppose -4*r - 156 - 380 = -4*d, 4*d = -r + 531. What are the prime factors of d?
7, 19
Let q = 2 - -1. Suppose -3*y - 16 = -d, -q*y + 1 + 9 = d. What are the prime factors of d?
13
Suppose l - 20 = -4*l. Suppose 3*b = 2*n + 161, l*n - 24 - 11 = -b. List the prime factors of b.
3, 17
Let l(r) = r**3 - 9*r**2 + 9*r - 7. Let o be l(8). Let k = o + -10. Let x = 25 + k. List the prime factors of x.
2
Let a(y) = -y**3 - 6*y**2 - 7*y + 2. Let z(t) = t**3 + 2*t**2 + 4*t + 3. Let k be z(-2). List the prime factors of a(k).
2, 3
Suppose 0 = 4*d + 7 - 19, 4*d = 5*s - 8. Suppose -4*a - 38 = -5*z, -3*z + s*z + a = 4. What are the prime factors of z?
2, 3
What are the prime factors of 2/(3 + (-41)/14)?
2, 7
Suppose 0 = 5*w + u - 250, u + 157 = 3*w + 3*u. List the prime factors of w.
7
Suppose -4*w = 34 - 214. Suppose t - 2*o = w, t - 5*o = 20 + 31. What are the prime factors of t?
41
Let c = -80 + 113. Let p = c - 15. What are the prime factors of p?
2, 3
Let g = 41 + 15. List the prime factors of g.
2, 7
Suppose 8 = 2*u, -5*u = -w + 4 + 12. What are the prime factors of w?
2, 3
Let n(h) = 4 - 2 - 2*h + 0. List the prime factors of n(-2).
2, 3
What are the prime factors of (-56)/(-42) + 368/3?
2, 31
Suppose -16*n + 360 + 6712 = 0. What are the prime factors of n?
2, 13, 17
Suppose -p + 2*y = -189, -4*p - 3*y - 2*y + 743 = 0. Suppose 4*x - p = 85. Suppose -5*d - x = -4*u, -2*d + 6 = 14. List the prime factors of u.
2, 3
Suppose -104 = -5*f - 9. Suppose 0 = 2*y - 9 - 1. Suppose -6 = -y*t + f. What are the prime factors of t?
5
Let i = 23 - -1. What are the prime factors of i?
2, 3
Let f = 16 - 9. Suppose -3*p + 20 = 5*y + f, 0 = -5*p + 3*y - 1. List the prime factors of p*4 + (0 - 0).
2
Let h(d) = 2*d**2 + 3*d + 45. What are the prime factors of h(0)?
3, 5
Let m = 6 + -4. Let w(a) = 4*a - a - m*a. What are the prime factors of w(5)?
5
Let k = -23 + 204. What are the prime factors of k?
181
Let d = 17 + -12. Suppose 3*b - d*b = -26. What are the prime factors of b?
13
Let b(v) = -v**2 + 4*v + 3. Let s be (-13)/(-5) - 10/(-25). Let z be b(s). Suppose -5*r = -36 + z. What are the prime factors of r?
2, 3
Let o(h) = 2*h**2 + 6*h. Let m be o(-7). Let i be -2 - -1 - (-46)/2. Suppose -s - i = -d, -2*d = -3*s - 2*s - m. List the prime factors of d.
2, 3
Let i(a) = -3*a**2 - a + 2. Let h be i(-3). Let x(p) = 14*p - 1. Let z be x(-1). Let b = z - h. What are the prime factors of b?
7
Let i(h) = -3*h - 7. Let j be i(-5). Let c be j*-1 + 2*-1. Let w = -1 - c. List the prime factors of w.
3
List the prime factors of ((-531)/(1 + -4))/1.
3, 59
Suppose 4*h = -2 + 18, 4*h + 1064 = 5*a. Suppose 5*z + 41 = a. Suppose 2*m - z + 3 = 0. What are the prime factors of m?
2
Let c(a) = 8*a + 7. List the prime factors of c(4).
3, 13
Suppose c + 0*c = 37. List the prime factors of c.
37
Let f(w) = w**2 + 2*w - 4. Let b = 0 - 3. Let k be f(b). Let o = k - -8. List the prime factors of o.
7
Let f = -81 - -126. List the prime factors of f.
3, 5
Let t(h) = -3*h + 6. List the prime factors of t(0).
2, 3
Let i = 8 + 2. What are the prime factors of i + -2 - (-2 + 1)?
3
Let w(k) = 3*k**2 + 5*k - 11. What are the prime factors of w(-6)?
67
Let g = 7 - -15. Suppose -2 = 4*p - g. Suppose -3*l + p*b + 24 = -0*l, 4*l - 5*b - 37 = 0. What are the prime factors of l?
13
Suppose 20 = -5*a, -4*b + a + 307 = -465. List the prime factors of b.
2, 3
Let o(r) = -79*r - 37. List the prime factors of o(-5).
2, 179
Let j = 120 + -66. Let l = j - 24. List the prime factors of l.
2, 3, 5
Let a = -53 - -152. List the prime factors of a.
3, 11
Suppose 1 = 2*c + 11, c - 90 = -5*z. Let y be 1 + 1 + z + -3. What are the prime factors of (0 - 8)*y/(-9)?
2
Let r(d) = -d + 1. Let a be r(-1). Let v(w) = -w + 6*w**2 + 1 + a*w**2 - w + 3*w**2. List the prime factors of v(1).
2, 5
Suppose u - 33 + 2 = 3*n, 4*n - 52 = -u. What are the prime factors of u?
2, 5
Suppose -7*a - 109 = -3*z - 3*a, -2*a = 4*z - 182. Suppose -4*k - z = -5*q, 4*q = 2*q + 5*k + 24. List the prime factors of q.
7
Let p(w) = -w**3 - 6*w**2 + 7*w + 9. Let n be (2 + -15)/(1/(-1)). Suppose 2*i = -1 - n. List the prime factors of p(i).
3
Suppose 54 = -4*x + 6*x. What are the prime factors of x?
3
Let w be (1 + 1/(-2))*2. Let p(v) = -2*v**2 - 3*v + 4. Let j(n) = -3*n**2 - 4*n + 5. Let m(t) = -4*j(t) + 5*p(t). List the prime factors of m(w).
3
Let a = -24 - -133. Suppose 27 = 2*x - a. Suppose 0 = -4*o - 0*o + x. What are the prime factors of o?
17
What are the prime factors of 0 + (15 - (2 + -2))?
3, 5
Suppose -3*u + 8*u - 60 = 0. List the prime factors of u.
2, 3
Let y be 1*(1 + (1 - 2)). Suppose 4*j - 2*c + 24 = y, -5*j - 3*c - 22 - 8 = 0. Let x = j - -9. List the prime factors of x.
3
Suppose -4*h = -p, 2*p - h - 15 = 2*h. What are the prime factors of p?
2, 3
Let r(y) be the third derivative of y**5/30 + y**4/12 + y**3/3 - 9*y**2. What are the prime factors of r(3)?
2, 13
Suppose -4*x + 2*y = -2, 3*y - 6 = 9. Suppose 0 = x*f - 0*f - 6. List the prime factors of f.
2
Suppose i = -2*i. Suppose 0 = -i*k + 5*k - 80. List the prime factors of k.
2
Let g(f) = -f**3 - 2*f + 4. Let j be g(0). Suppose 3*k + 8 = 4*k - p, -j*k - 4*p - 8 = 0. List the prime factors of k.
3
Suppose 0*u - 4*x = -3*u + 126, -5*x = 0. Suppose u + 18 = -2*p. List the prime factors of 30*4/p*-3.
2, 3
Let z be (15/(-9))/(2/12). Let n = z + 7. List the prime factors of 1/(2*n/(-54)).
3
What are the prime factors of (340/(-6))/(22/(-33))?
5, 17
Let l(x) = x**3 + 7*x**2 - 2*x + 9. What are the prime factors of l(-4)?
5, 13
Let a = 7 + -11. Let k = a + 9. Suppose 3*p = k + 7. What are the prime factors of p?
2
Let y be (4 + 2 + -5)*3. Suppose 3*l = 3 - 12, 5*h + y*l - 106 = 0. What are the prime factors of h?
23
Let g = 146 - 98. List the prime factors of g + ((-24)/3)/2.
2, 11
Let g(z) = -7*z + 5. Let t = 5 + -7. Let n(o) = -3*o + 3. Let f(u) = t*g(u) + 5*n(u). List the prime factors of f(-6).
11
Let d = -25 - -143. List the prime factors of d.
2, 59
Let c(m) = 7*m - 2. Let k(h) = -h**3 + 2*h**2 + 4*h. Let p be k(3). What are the prime f